{"id":1012,"date":"2014-01-05T14:35:03","date_gmt":"2014-01-05T14:35:03","guid":{"rendered":"http:\/\/h2214820.stratoserver.net\/?page_id=1012"},"modified":"2021-08-24T07:46:26","modified_gmt":"2021-08-24T07:46:26","slug":"impressum","status":"publish","type":"page","link":"https:\/\/margarete.meggle-freund.de\/?page_id=1012","title":{"rendered":"Impressum"},"content":{"rendered":"<p><strong>Verantwortlicher<\/strong><\/p>\n<p>Inhaltlich verantwortlich gem\u00e4\u00df \u00a7 55 Abs. 2 RStV:<\/p>\n<p>Dr. Margarete Meggle-Freund<br \/>\nPrinzregentenstr. 97<br \/>\n81677 M\u00fcnchen<\/p>\n<p>margarete@meggle-freund.de<\/p>\n<p>Verantwortliche Stelle im Sinne des Bundesdatenschutzgesetzes (BDSG) f\u00fcr s\u00e4mtliche uns \u00fcberlassene oder von uns erhobene personenbezogene Daten ist Dr. Margarete Meggle-Freund.<\/p>\n","protected":false},"excerpt":{"rendered":"<p>Verantwortlicher Inhaltlich verantwortlich gem\u00e4\u00df \u00a7 55 Abs. 2 RStV: Dr. Margarete Meggle-Freund Prinzregentenstr. 97 81677 M\u00fcnchen margarete@meggle-freund.de Verantwortliche Stelle im Sinne des Bundesdatenschutzgesetzes (BDSG) f\u00fcr s\u00e4mtliche uns \u00fcberlassene oder von uns erhobene personenbezogene Daten ist Dr. Margarete Meggle-Freund.<\/p>\n","protected":false},"author":1,"featured_media":0,"parent":0,"menu_order":0,"comment_status":"closed","ping_status":"closed","template":"","meta":{"footnotes":""},"class_list":["post-1012","page","type-page","status-publish","hentry"],"_links":{"self":[{"href":"https:\/\/margarete.meggle-freund.de\/index.php?rest_route=\/wp\/v2\/pages\/1012","targetHints":{"allow":["GET"]}}],"collection":[{"href":"https:\/\/margarete.meggle-freund.de\/index.php?rest_route=\/wp\/v2\/pages"}],"about":[{"href":"https:\/\/margarete.meggle-freund.de\/index.php?rest_route=\/wp\/v2\/types\/page"}],"author":[{"embeddable":true,"href":"https:\/\/margarete.meggle-freund.de\/index.php?rest_route=\/wp\/v2\/users\/1"}],"replies":[{"embeddable":true,"href":"https:\/\/margarete.meggle-freund.de\/index.php?rest_route=%2Fwp%2Fv2%2Fcomments&post=1012"}],"version-history":[{"count":16,"href":"https:\/\/margarete.meggle-freund.de\/index.php?rest_route=\/wp\/v2\/pages\/1012\/revisions"}],"predecessor-version":[{"id":2605,"href":"https:\/\/margarete.meggle-freund.de\/index.php?rest_route=\/wp\/v2\/pages\/1012\/revisions\/2605"}],"wp:attachment":[{"href":"https:\/\/margarete.meggle-freund.de\/index.php?rest_route=%2Fwp%2Fv2%2Fmedia&parent=1012"}],"curies":[{"name":"wp","href":"https:\/\/api.w.org\/{rel}","templated":true}]}}